n base 3, what is 1202 + -11?
1121
In base 13, what is -59 + -7?
-63
In base 16, what is 7 - -c?
13
In base 11, what is 381 + -5?
377
In base 10, what is -90 + -31?
-121
In base 9, what is 250 - 2?
247
In base 7, what is -1052 - 40?
-1122
In base 2, what is 100101 + -10011?
10010
In base 15, what is -2 + 41?
3e
In base 3, what is -21 + 120010?
112212
In base 7, what is -123230 + 5?
-123222
In base 11, what is -21 + -22?
-43
In base 13, what is 2 - -13c4?
13c6
In base 15, what is -72 + -68?
-da
In base 4, what is 2013003 - -11?
2013020
In base 4, what is -23020022 + 3?
-23020013
In base 16, what is 69d + 11?
6ae
In base 15, what is -a0 + 13?
-8c
In base 8, what is 1 - -52?
53
In base 6, what is -2 - 1?
-3
In base 11, what is -682 - -2?
-680
In base 6, what is -14301 - 3?
-14304
In base 8, what is -1242 + -5?
-1247
In base 7, what is 261 + 40?
331
In base 7, what is 341 + -3?
335
In base 11, what is -1 + 303?
302
In base 11, what is 2 - 98?
-96
In base 6, what is -40 - -205?
125
In base 7, what is 0 - -1201?
1201
In base 2, what is 1110001 - -10010?
10000011
In base 7, what is -1106 + 4?
-1102
In base 5, what is 1044 - 3?
1041
In base 16, what is -1 - 47?
-48
In base 7, what is 2 + 10454?
10456
In base 11, what is -145 - 4?
-149
In base 2, what is -1 + -110110110011?
-110110110100
In base 10, what is 637 + 1?
638
In base 3, what is 1121211 - 101?
1121110
In base 2, what is 10011110111111 + 0?
10011110111111
In base 4, what is -1 - -201103?
201102
In base 11, what is 22385 + 1?
22386
In base 4, what is 1121 + -3?
1112
In base 10, what is -2 - 106?
-108
In base 16, what is -a - 4?
-e
In base 7, what is 3 - 210?
-204
In base 4, what is 3310 + -1?
3303
In base 11, what is -4 + 115?
111
In base 9, what is 3 - 1080?
-1076
In base 3, what is -2002 - 12?
-2021
In base 5, what is 21434 - -10?
21444
In base 4, what is -2 - -21?
13
In base 12, what is 6 - 160?
-156
In base 4, what is -2 - 3033?
-3101
In base 4, what is -10 + -313?
-323
In base 3, what is -1102102 - 22?
-1102201
In base 12, what is 0 + -728?
-728
In base 3, what is -1 - -11100?
11022
In base 15, what is 3 - 40?
-3c
In base 10, what is -3 + 2842?
2839
In base 8, what is 1 + 102?
103
In base 16, what is -c + -23f?
-24b
In base 5, what is 3 - -110112?
110120
In base 8, what is 7 + 22?
31
In base 12, what is -72a + -3?
-731
In base 13, what is -1b + -1?
-1c
In base 15, what is -28 - -5?
-23
In base 13, what is 1c - -30?
4c
In base 3, what is 12 + -1101001?
-1100212
In base 8, what is 0 - -1300?
1300
In base 8, what is -376 + -4?
-402
In base 8, what is -136 - 17?
-155
In base 16, what is -52 + d?
-45
In base 16, what is 17 + -6d?
-56
In base 3, what is 2 - -10020?
10022
In base 6, what is 0 - -54?
54
In base 16, what is -7 + 4c?
45
In base 8, what is 0 - -76?
76
In base 15, what is -2462 - 3?
-2465
In base 3, what is -12 - -1110?
1021
In base 13, what is -6b + 28?
-43
In base 3, what is 12 + -21000?
-20211
In base 12, what is -93 - 3?
-96
In base 8, what is -5 + -470?
-475
In base 7, what is -14 + 10?
-4
In base 16, what is -9 + -ce?
-d7
In base 5, what is -10214 - -4?
-10210
In base 15, what is 4 - 1c2?
-1bd
In base 8, what is 134 + -33?
101
In base 16, what is -133 + -3?
-136
In base 16, what is -11b8 + 2?
-11b6
In base 8, what is 2 + 36?
40
In base 4, what is -1022000 + -11?
-1022011
In base 8, what is -4 - -70?
64
In base 7, what is 1 - 30?
-26
In base 11, what is 269 + -5?
264
In base 16, what is 696 - -3?
699
In base 6, what is -12 + -1152?
-1204
In base 4, what is 11 - 322?
-311
In base 6, what is 33234 + 5?
33243
In base 4, what is -10 + 10121?
10111
In base 7, what is 213 + -5?
205
In base 13, what is c54 + -4?
c50
In base 4, what is 23323 - 20?
23303
In base 8, what is 1 - -334?
335
In base 7, what is -3055 - -4?
-3051
In base 15, what is -207 - 4?
-20b
In base 12, what is 5 - 41?
-38
In base 12, what is -2 + 4a?
48
In base 6, what is -3 - -150?
143
In base 13, what is 2 + 71?
73
In base 15, what is 3a4 + 5?
3a9
In base 6, what is 11 + -1431?
-1420
In base 9, what is -201 - 5?
-206
In base 13, what is -2b - -5?
-26
In base 3, what is 22100 + -1?
22022
In base 14, what is 12 - 6?
a
In base 2, what is -101 + 10010?
1101
In base 4, what is 2 + -13011?
-13003
In base 5, what is 1 + 442?
443
In base 7, what is -5 - 5102?
-5110
In base 13, what is 9 - -41c?
428
In base 6, what is 155 - 1?
154
In base 6, what is -530 - -5?
-521
In base 6, what is 2 + -2240?
-2234
In base 4, what is 2 + -320?
-312
In base 16, what is c - 29?
-1d
In base 8, what is 4 + 16?
22
In base 13, what is 1b + -74?
-56
In base 7, what is -5412 - -22?
-5360
In base 13, what is 5 - -3?
8
In base 4, what is -122102 + 10?
-122032
In base 2, what is -110011000000 + 11?
-110010111101
In base 14, what is 2a - 130?
-104
In base 13, what is 4 + 85?
89
In base 5, what is 130 - -4?
134
In base 2, what is 11 - 111110?
-111011
In base 15, what is -60 + -4?
-64
In base 16, what is 14b + 1?
14c
In base 11, what is 3 - 349?
-346
In base 2, what is -10 - 111001?
-111011
In base 15, what is -3eb - 5?
-401
In base 13, what is 0 + 2a?
2a
In base 11, what is 55 - 1?
54
In base 12, what is -4 + b54?
b50
In base 14, what is 9d - -4?
a3
In base 6, what is -32530 - 1?
-32531
In base 16, what is -3b + -18?
-53
In base 9, what is -2686 + 5?
-2681
In base 3, what is -100212 - -1?
-100211
In base 2, what is -110101010 + 1000?
-110100010
In base 7, what is 2 - -12006?
12011
In base 2, what is 11000 + 111010?
1010010
In base 12, what is -3 + -2baa?
-2bb1
In base 11, what is 0 + -362?
-362
In base 5, what is 11 - 402?
-341
In base 13, what is 7b + 12?
90
In base 2, what is 100101101 + -11?
100101010
In base 15, what is 1e - -84?
a3
In base 9, what is 5 + 8150?
8155
In base 7, what is -2354 + -3?
-2360
In base 16, what is -3cd - 0?
-3cd
In base 15, what is ab - 6?
a5
In base 12, what is -142 - -14?
-12a
In base 8, what is -106 - -10?
-76
In base 9, what is -5 - 222?
-227
In base 2, what is 101110 + 10000010?
10110000
In base 11, what is 509 + 7?
515
In base 15, what is 2d23 + 5?
2d28
In base 8, what is -3 + 2344?
2341
In base 7, what is -5612 + -4?
-5616
In base 14, what is 4 - -299?
29d
In base 14, what is 535 - -5?
53a
In base 14, what is -1 - 6d4?
-6d5
In base 13, what is 0 + -7b?
-7b
In base 2, what is -1110010 - -10?
-1110000
In base 5, what is 30 - 30?
0
In base 5, what is -3 + 2?
-1
In base 16, what is 3ab + -5?
3a6
In base 6, what is -10 + 52?
42
In base 15, what is -12 - -b0?
9d
In base 2, what is -10010 - -110110?
100100
In base 14, what is 29 + 114?
13d
In base 11, what is 283 - 3?
280
In base 3, what is 110 + 2001010?
2001120
In base 14, what is -5 + 17a?
175
In base 10, what is 337 - 4?
333
In base 3, what is 10202 - -11?
10220
In base 11, what is 185 - 5?
180
In base 16, what is 27 + -8c?
-65
In base 5, what is 3 + 231?
234
In base 8, what is 231 + -4?
225
In base 13, what is 10a7 + -1?
10a6
In base 2, what is 110000 - 10101111?
-1111111
In base 6, what is 12 + 155?
211
In base 5, what is 2 - 1121?
-1114
In base 15, what is 9 - -2c?
36
In base 16, what is 0 + 1ef?
1ef
In base 11, what is 35 - 5?
30
In base 15, what is -5 + 40?
3a
In base 2, what is -110000 - -10?
-101110
In base 3, what is 202020 - -1?
202021
In base 9, what is -8 + -1440?
-1448
In base 15, what is -40 + -86?
-c6
In base 3, what is -1200 + 12?
-1111
In base 13, what is 0 - 18b3?
-18b3
In base 16, what is 33 - -3?
36
In base 6, what is -24 + -20?
-44
In base 8, what is 4 - -366?
372
In base 10, what is 723 + 4?
727
In base 3, what is 10 - -20100?
20110
In base 12, what is 4 - -a05?
a09
In base 3, what is 1020 + -21100?
-20010
In base 8, what is -5 - -663?
656
In base 8, what is 11741 + 0?
11741
In base 16, what is 72 + -2?
70
In base 13, what is -62 + -2?
-64
In base 14, what is 1c6 + -5?
1c1
In base 4, what is -103 + -302?
-1011
In base 14, what is 69 - -b?
76
In base 6, what is -304 + -5?
-313
In base 6, what is 4430 + 1?
4431
In base 5, what is -31414 + 3?
-31411
In base 12, what is 50ba + 2?
5100
In base 6, what is -520 + 3?
-513
In base 13, what is 47 + 4?
4b
In base 7, what is -236 + 1?
-235
In base 2, what is 10010 - 1000?
1010
In base 9, what is 3 - -24?
27
In base 12, what is -4 - 497?
-49b
In base 8, what is -356 + -3?
-361
In base 16, what is 4e + 3?
51
In 